
Let y(f) = -f**2 - 14*f - 41. What is y(-7)?
8
Let b(k) = -k**3 + 23*k**2 - k + 30. Calculate b(23).
7
Let n(k) = -k**3 - 20*k**2 - 16*k + 48. Calculate n(-19).
-9
Let u(w) = w**2 - 16*w - 9. What is u(17)?
8
Let d(s) = s**2 - 7*s - 28. Calculate d(10).
2
Let p(z) = -8*z + 6. What is p(0)?
6
Let f(b) = 6*b**3 - 2*b**2 + 2*b. Determine f(1).
6
Let n(m) = m**2 + 30*m + 144. Calculate n(-24).
0
Let n(q) = q**2 - 16*q + 13. Give n(16).
13
Let a(r) = -r - 29. What is a(-8)?
-21
Let n(f) = 45*f + 225. Give n(-5).
0
Let v(s) = s**2 + s - 139. Calculate v(11).
-7
Let v(g) = -9*g**3 + 2*g**2 - g - 1. Give v(1).
-9
Let y(h) = 5*h**2 + 3*h - 2. Calculate y(-3).
34
Let u(a) = -a**3 + 5*a**2 + 9*a - 23. Give u(6).
-5
Let p(x) = 3*x - 12. Calculate p(6).
6
Let h(r) = -r**2 + r - 5. Calculate h(0).
-5
Let u(y) = -y - 25. Determine u(-15).
-10
Let a(l) = 12*l + 68. What is a(-7)?
-16
Let f(d) = -2*d**2 - 4*d + 3. What is f(-2)?
3
Let h(y) = -y**2 - 13*y + 43. Give h(-14).
29
Let b(v) = -5*v**2 - 77*v - 22. Give b(-15).
8
Let k(p) = -5*p - 55. Give k(-12).
5
Let d(x) = x + 8. Determine d(-9).
-1
Let w(x) = 6*x**2 + 6*x - 1. Calculate w(1).
11
Let c(j) = 3*j - 25. What is c(9)?
2
Let j(h) = -h**2 - 22*h - 118. Calculate j(-12).
2
Let r(n) = n**2 - 14*n - 180. Calculate r(21).
-33
Let j(t) = -11*t - 14. What is j(7)?
-91
Let m(r) = r**2 + 37*r + 262. Give m(-27).
-8
Let p(s) = -18*s - 58. What is p(-2)?
-22
Let g(v) = -4*v**2 + 15*v + 14. Determine g(6).
-40
Let h(j) = j**2 - 11*j + 35. Calculate h(7).
7
Let a(t) = t**2 - 23*t - 64. Determine a(25).
-14
Let y(u) = 10*u - 73. Give y(6).
-13
Let v(i) = i**2 + 9*i + 22. Determine v(-7).
8
Let y(o) = -2*o**2 - 2*o + 1. What is y(-2)?
-3
Let a(f) = f**2 + 7*f - 8. Determine a(-9).
10
Let a(t) = -t**3 + 15*t**2 + 17*t + 22. What is a(16)?
38
Let v(j) = j**2 + 11*j + 2. Give v(-12).
14
Let h(t) = -6*t + 1. What is h(3)?
-17
Let a(q) = -q**3 - 9*q**2 - 4*q + 6. Give a(-9).
42
Let y(z) = z**3 + 52*z**2 - z - 49. Calculate y(-52).
3
Let y(l) = 8*l**2 - 37*l + 6. Give y(7).
139
Let t(k) = k**2 + 3*k - 23. Give t(-6).
-5
Let m(c) = -c**2 + 10*c + 70. Give m(-5).
-5
Let i(b) = b**3 - 5*b**2 - 7*b + 37. Calculate i(5).
2
Let p(k) = 2*k**3 - 10*k**2 - 8*k + 13. Determine p(6).
37
Let w(d) = d - 31. Give w(-13).
-44
Let l(k) = -k**2 + 8*k + 4. What is l(6)?
16
Let c(i) = 2*i**2 - 4*i - 56. Determine c(8).
40
Let v(i) = i**3 + 13*i**2 - 16*i - 70. Calculate v(-14).
-42
Let s(t) = -85*t - 249. Calculate s(-3).
6
Let v(b) = b**2 - 21*b + 10. Determine v(18).
-44
Let h(o) = -o**2 - 33*o - 26. Give h(-33).
-26
Let k(w) = 25*w**3 + 3*w**2 - 2. Calculate k(1).
26
Let p(x) = 2*x**3 + 4*x**2 + 2*x + 3. Calculate p(-3).
-21
Let g(o) = -o + 7. Calculate g(4).
3
Let a(x) = x**2 - 13*x - 15. Calculate a(-5).
75
Let q(v) = -v - 14. What is q(10)?
-24
Let w(t) = t**2 + 21*t + 84. Give w(-6).
-6
Let d(r) = r**3 - 9*r**2 + 6*r - 8. What is d(8)?
-24
Let k(f) = f**2 + 23*f - 79. Determine k(-24).
-55
Let v(l) = -l**3 + 41*l**2 - 43*l + 113. Determine v(40).
-7
Let o(z) = -30*z + 362. Determine o(12).
2
Let k(v) = 21*v**2 - 11*v. Give k(1).
10
Let q(o) = -2*o**2 - 5*o + 33. What is q(0)?
33
Let z(w) = -w**2 - 9*w - 1. Give z(-9).
-1
Let b(h) = -2*h**2 + 33*h - 68. Give b(2).
-10
Let b(n) = n**3 + 153. Determine b(0).
153
Let w(u) = -u**2 + 19*u + 17. What is w(19)?
17
Let q(l) = l**3 + 5*l**2 + 6*l + 10. Give q(-2).
10
Let d(l) = l**3 - 12*l**2 - 18*l - 3. Calculate d(13).
-68
Let f(c) = -11*c**2 + 3*c - 5. Determine f(2).
-43
Let f(k) = -k**2 - 12*k. What is f(-12)?
0
Let f(g) = -g**3 + 27*g - 10. Give f(5).
0
Let p(z) = -z**3 - 7*z**2 + 9*z - 6. Determine p(-8).
-14
Let p(m) = 3*m - 3. Determine p(-6).
-21
Let p(r) = 15*r - 77. What is p(5)?
-2
Let l(r) = -15*r + 118. Calculate l(8).
-2
Let k(c) = c**3 - 3*c**2 + 2*c - 1. Determine k(1).
-1
Let t(l) = -45*l + 2. Calculate t(-1).
47
Let u(k) = 4*k - 134. Determine u(32).
-6
Let m(q) = 4*q + 10. Calculate m(-8).
-22
Let p(s) = 11*s + 11. What is p(0)?
11
Let u(j) = j**2 + 6*j - 9. What is u(2)?
7
Let z(o) = o**3 + 3*o**2 + o + 1. Calculate z(-2).
3
Let l(g) = -3*g + 24. Determine l(9).
-3
Let t(u) = 17*u - 182. Calculate t(11).
5
Let s(d) = -d**2 + 6*d - 8. Determine s(6).
-8
Let p(y) = -y**3 + 15*y**2 - 44*y. Give p(11).
0
Let p(d) = -d - 5. Determine p(-8).
3
Let v(f) = f**2 - 27*f - 48. What is v(29)?
10
Let r(a) = -17*a - 149. What is r(-9)?
4
Let s(i) = 3*i - 77. Calculate s(29).
10
Let u(z) = 23*z - 376. Determine u(16).
-8
Let b(z) = 3*z - 14. Determine b(6).
4
Let i(r) = -6*r**2 + r + 4. Give i(-2).
-22
Let i(j) = -23*j - 301. What is i(-13)?
-2
Let j(t) = t**3 + 38*t**2 - 45*t - 214. Calculate j(-39).
20
Let q(k) = k**2 - 5*k + 7. What is q(7)?
21
Let u(l) = 17*l**2 - 3*l + 3. Give u(1).
17
Let h(q) = -q**3 - 10*q**2 + q - 2. Calculate h(-10).
-12
Let x(b) = b**2 + 10*b + 28. Give x(-5).
3
Let c(h) = -9*h + 539. Calculate c(60).
-1
Let i(n) = -20*n + 23. Give i(1).
3
Let w(p) = 3*p - 57. What is w(18)?
-3
Let q(y) = -y**2 + 47*y + 854. Give q(-14).
0
Let l(w) = w**2 + 3*w - 1. Give l(-5).
9
Let u(z) = 2*z**3 + z**2 - 2*z + 1. Determine u(1).
2
Let n(v) = 2*v**3 + 27*v**2 + 7*v - 18. Give n(-13).
60
Let q(h) = h**3 + 10*h**2 + 14*h + 7. Give q(-9).
-38
Let f(v) = -2*v**2 - v + 5. What is f(-4)?
-23
Let l(v) = -21*v + 12. What is l(-4)?
96
Let j(k) = -2*k + 30. What is j(12)?
6
Let h(o) = -76*o + 306. Give h(4).
2
Let f(r) = -r**2 + 7*r - 3. What is f(6)?
3
Let l(x) = -19*x**2 - x. Determine l(1).
-20
Let j(f) = f**3 + 8*f**2 + 10*f + 2. Give j(-1).
-1
Let p(k) = k**3 - 7*k**2 - 8*k + 6. What is p(8)?
6
Let d(a) = -6*a - 6. What is d(-6)?
30
Let m(r) = 2*r**2 + 20*r + 3. What is m(-10)?
3
Let c(j) = -2*j**2 - 16*j + 46. Give c(-10).
6
Let g(p) = -p**2 + 3. Determine g(6).
-33
Let n(g) = g**3 - 8*g**2 - 11*g + 4. What is n(9)?
-14
Let n(d) = -d**2 + 11*d + 25. Calculate n(7).
53
Let p(v) = v**2 + 6*v - 11. Determine p(-10).
29
Let p(m) = m**2 + 5*m + 2. Calculate p(-3).
-4
Let o(l) = -17*l + 1. Give o(1).
-16
Let o(r) = -r**2 - 15*r + 60. Determine o(-17).
26
Let f(y) = 8*y + 84. What is f(-15)?
-36
Let k(u) = 28*u**2 - u + 1. Determine k(1).
28
Let q(y) = -y - 14. What is q(-5)?
-9
Let g(z) = -4*z + 2. Calculate g(-5).
22
Let o(h) = -h**2 - 8*h - 13. Give o(-3).
2
Let o(v) = 2*v**3 + 3*v**2 - 4*v - 5. Determine o(-2).
-1
Let v(k) = -k + 13. Give v(-6).
19
Let i(l) = -l**2 - 5*l + 5. Calculate i(-6).
-1
Let v(d) = -d**3 + 11*d**2 + 23*d + 32. Determine v(13).
-7
Let x(g) = -g**3 - g**2 + 7. Determine x(0).
7
Let a(n) = -n**3 + 20*n**2 - 95*n - 2. Give a(8).
6
Let p(c) = -2*c + 6. Give p(0).
6
Let g(m) = -m**3 - 7*m**2 - 8*m + 3. What is g(-6)?
15
Let i(w) = -2*w**3 + 3*w**2 + 6*w - 6. Determine i(0).
-6
Let i(a) = a**3 - 11*a**2 + 3*a + 14. Determine i(10).
-56
Let w(f) = -3*f - 11. Give w(-7).
10
Let c(n) = -n**2 - n - 4. Calculate c(-3).
-10
Let w(q) = -60*q**2 - 4*q - 1. Give w(2).
-249
Let k(x) = 2*x**3 - 9*x**2 + 2*x + 7. Determine k(4).
-1
Let q(v) = v**2 - 22*v - 26. Give q(25).
49
Let o(k) = -k**2 + k + 11. Give o(0).
11
Let h(l) = l**3 + 9*l**2 + 15*l + 25. Determine h(-8).
-31
Let s(y) = y**3 + 7*y**2 + 6*y - 4. Give s(-5).
16
Let x(k) = -k**3 - 14*k**2 + 4*k + 20. Give x(-14).
-36
Let i(q) = q**3 - 6*q**2 + 2*q - 17. What is i(7)?
46
Let j(s) = s**2 + 71*s + 330. Calculate j(-5).
0
Let f(u) = -2*u**3 + 3*u**2 - 2*u + 4. Calculate f(2).
-4
Let a(k) = k + 5. Calculate a(2).
7
Let y(x) = 4*x**2 - 8*x - 17. Calculate y(-3).
43
Let n(v) = v**3 - 8*v**2 + 25*v - 21. What is n(3)?
9
Let j(k) = k**3 - 5*k**2 + k - 2. Give j(5).
3
Let n(v) = -14*v - 5. Determine n(3).
-47
Let h(s) = 8*s. Calculate h(-1).
-8
Let k(b) = 9*b - 2. Determine k(4).
34
Let l(k) = -k**2 + 5*k - 8. What is l(4)?
-4
Let z(x) = 38*x**2. Calculate z(1).
38
Let v(q) = -q**3 + 9*q**2 + 8*q + 6. Calculate v(10).
-14
Let d(l) = -2*l**2 + 22*l - 3. Give d(11).
-3
Let f(q) = -q + 11. What is f(12)?
-1
Let p(x) = 3*x**2 - 7*x + 4. What is p(3)?
10
Let o(p) = p**3 + 12*p**2 + 13*p - 73. Give o(-10).
-3
Let a(f) = 3*f + 14. Calculate a(-9).
-13
Let d(l) = 15*l**3. Determine d(1).
15
Let d(g) = g**3 + 5*g**2 + 3*g + 1. What is d(-4)?
5
Let y(h) = -3*h + 73. Calculate y(26).
-5
Let o(v) = -19*v + 4. What is o(5)?
-91
Let 